*2/2 + j + 9. Let g be b(15). Let p = 113 - g. What is the units digit of p?
2
Let g(t) = -t**3 - 11*t**2 - 11*t + 2. Suppose 3*d - 1 = -31. What is the units digit of g(d)?
2
Let k(w) = -w**3 + 6*w**2 - 6*w + 7. Let u be k(5). Let i(j) = -3*j + 10*j + 4*j - 2. What is the tens digit of i(u)?
2
Let r = -150 - -284. What is the hundreds digit of r + 1 + 3 + -4?
1
Let b = -158 - -232. Let l be 1 - 2 - (-33 + 6). Suppose b = 4*x - l. What is the units digit of x?
5
Suppose 0*a + 4*s - 6411 = -3*a, a + 2*s = 2135. What is the hundreds digit of a?
1
Let z(p) = -88*p - 562. What is the tens digit of z(-23)?
6
Let z(s) = -s + 41. Let p be z(0). Let a = -37 + p. What is the units digit of a?
4
What is the tens digit of 2 + -2 - (-702 - -28)?
7
Suppose -i - 5*d = -2*i - 37, 0 = -4*i + 5*d - 148. Let k = i + 47. What is the tens digit of k?
1
Suppose 3*f - 61 = -2*j, -f = 6*j - 4*j - 59. Suppose 0 = -j*m + 24*m + 715. What is the tens digit of m?
4
Suppose -j - 3*h = -2653, -3*j = h + 3*h - 7934. What is the thousands digit of j?
2
Let h(y) = y**2 + 7*y + 2. Let g be h(10). Suppose -9*a + 413 = -g. What is the units digit of a?
5
Suppose -l = 4*z - 8, z + 2*l + 20 = 5*z. Suppose z*m - 372 = 3. What is the hundreds digit of m?
1
Suppose 3 = p - 2. Let y = 12 - p. Suppose 0 = -y*k + 68 - 26. What is the units digit of k?
6
Suppose -3*o = u - o - 139, 0 = 3*u - 2*o - 385. Let i = u + 20. What is the hundreds digit of i?
1
Let i(h) be the second derivative of -h**3/3 - h**2 - 2*h. What is the units digit of i(-4)?
6
Let n(h) = -99*h - 27. What is the units digit of n(-5)?
8
Let v be (-6)/4*4/(-3). Suppose 8 = v*w - 2. Suppose 4*h - 2*h = 5*a + 76, 0 = w*h - 3*a - 209. What is the tens digit of h?
4
Suppose 0*x - x - 4*j + 21 = 0, 3*j - 7 = x. Suppose z - m - 48 = 0, -93 - 15 = -2*z + x*m. What is the tens digit of z?
4
Suppose 4*d - 5*a + 3 = 0, 3*a - 1 = 4*d + 12. What is the tens digit of ((-329)/(-3))/d*-3?
4
Let t be 2 - (-2 + (-3 - -3)). Let o(b) = t - 2 + b**2 - 24*b**3 - 2. What is the units digit of o(-1)?
5
Let m(q) = 4*q - 26. Let j be m(7). What is the tens digit of ((-498)/(-4) - 6/4) + j?
2
Let z be ((-77)/21)/((-3)/(-18)). What is the units digit of z/77 + 366/7?
2
Let v = 5 + 3. Suppose 0 = 11*u - 9*u - v. What is the units digit of u?
4
Suppose -2*m + 465 = 3*m. Suppose -7*l + 4*l = m. Let d = 55 + l. What is the tens digit of d?
2
Let s(k) = -76*k**2 - 3*k + 8. Let j(t) = 1. Let y(v) = 6*j(v) - s(v). Let u be y(1). Let b = 131 - u. What is the units digit of b?
4
Let l be (-5)/((5 - 3)/(2 - -32)). Let p = l - -221. What is the hundreds digit of p?
1
Suppose -8*u + 9*u = 3. Let a(x) = -4. Let g(h) = -h - 2. Let d(t) = 2*a(t) - 4*g(t). What is the units digit of d(u)?
2
Suppose 25*v - 5*v - 3940 = 0. Let n = v + -125. What is the units digit of n?
2
Let m(b) = -3*b - b + 11*b - 13. Let x = -60 + 63. What is the units digit of m(x)?
8
Let a(n) = n**3 - 13*n**2 + 11*n + 14. Let s be a(12). Suppose f - 4 + s = 0. Suppose -f*q + 75 = q. What is the tens digit of q?
2
Suppose 9*h - 13*h = 272. Let f = h - -310. What is the hundreds digit of f?
2
Let b(p) = 5*p**2 + p - 9. What is the tens digit of b(9)?
0
Let t(s) = s**3 + s**2 + s + 12. Let p be t(0). Suppose 0*r = r + 3*l - 37, -r = 5*l - 45. Let g = r - p. What is the tens digit of g?
1
Let a = 700 + 280. What is the tens digit of a?
8
Let r(z) = -z**2 + 3*z + 10. Let j be r(7). Let c = j - -30. Let t = c + 7. What is the tens digit of t?
1
What is the units digit of 52/39*(-4818)/(-4)?
6
Let x(q) = 92*q - 48. What is the tens digit of x(8)?
8
Suppose v - 143 - 17 = -2*j, 2*j + 2*v = 160. Suppose -2 - 2 = -c. Suppose 4*g - j = -c. What is the tens digit of g?
1
Let c(p) = 29*p + 89. What is the units digit of c(12)?
7
Let f(h) = h**3 - 4*h**2 - h + 4. Suppose 4*x = 8*x - 20. Let t be f(x). Suppose -z - 2*z = -t. What is the units digit of z?
8
Suppose 2*q + 4 = 0, -3791 = -5*v + q - 3*q. What is the tens digit of v?
5
Let u be (4/10)/(3/30). Suppose -5*r + c + 372 = -105, -u*c + 108 = r. What is the units digit of r?
6
Let i(a) = a + 0*a**2 + 2*a - 5*a + a**2. Let c be i(0). Suppose c = -o - o + 30. What is the units digit of o?
5
Suppose -2*v + 2*r + 902 = -460, -684 = -v + 2*r. What is the hundreds digit of v?
6
Let q be 696/(-7) + 9/21. Let k = q - -178. What is the units digit of k?
9
Let q(d) = -543*d + 60. What is the hundreds digit of q(-1)?
6
Suppose -3*j - 3*y = -1081 - 617, 0 = 3*j - 4*y - 1663. What is the hundreds digit of j?
5
Suppose -5*l + 5*h + 880 = 0, 11*h - 532 = -3*l + 10*h. What is the hundreds digit of l?
1
Let k(i) = -97*i + 576. What is the units digit of k(-30)?
6
Let w(k) = -1 - 12 - 4*k - 3 + 1. What is the units digit of w(-25)?
5
Let g(y) = 16*y - 48. Let j be g(-6). Let u = -13 - j. What is the tens digit of u?
3
Let p = 15 + -13. Suppose p*j - 506 + 171 = -3*w, -16 = -4*j. What is the tens digit of w?
0
Let m = 3160 + -2232. What is the units digit of m?
8
Let q(l) = -63*l - 202. What is the units digit of q(-13)?
7
Let n(m) = -9*m**3 + 4*m**2 - 7. Let y(d) = -d**3 + d**2 - d - 1. Let q(j) = -n(j) + 4*y(j). What is the tens digit of q(2)?
3
Let n(s) = s - 3. Let o(d) = -3*d + 0 - 5 + 4 + 3. Let k be o(-1). What is the units digit of n(k)?
2
Let z(x) = x**3 + 12*x**2 + 22*x + 23. Let l be z(-10). Suppose -5*c + 880 = 5*u, -4*c = -u - u - 698. Suppose 0 = -l*b - 28 + c. What is the tens digit of b?
4
Let o(l) = -4*l**2 + 183*l + 7. What is the units digit of o(23)?
0
Suppose -6366 = -30*d + 71664. What is the units digit of d?
1
Suppose 31*n = 106*n - 275775. What is the hundreds digit of n?
6
Let p be -3*(-2)/(-3) - 11. Let r(a) = a**3 + 7*a**2 + 3*a + 6. Let h be r(-5). Let i = p + h. What is the tens digit of i?
2
Let a = 3784 + -2049. What is the thousands digit of a?
1
Let b = -9 + 11. Suppose 0 = 2*c - b*a - 2*a - 160, 0 = -2*c + a + 154. Suppose 3*v = v + c. What is the units digit of v?
8
Let d be 3/(-6)*-6 + 3. Suppose -3*q = -162 - d. What is the units digit of q?
6
Let q be (-2)/(-1 - -3) + 27. Suppose -5*y - 20 = -3*g, 0 = -3*g - 2*y + 29 + q. What is the units digit of g?
5
What is the tens digit of (6/4)/(0 + 72/12768)?
6
What is the units digit of (-2150)/((-20)/(-9 - -19))?
5
Let t(n) = -31*n - 32. What is the units digit of t(-7)?
5
Let a = 3 + 2. Suppose 0 = -a*h + 13*h - 1296. What is the tens digit of h?
6
Let r = 17 + -12. Suppose -4*k = -r*b + 16 - 0, -4*b + 3*k = -13. Suppose b*j = 2*j + 90. What is the tens digit of j?
4
What is the hundreds digit of 124 + ((-15)/30)/(4/(-32))?
1
Suppose -u - 3*d + 4293 = 2*u, -3*u = 2*d - 4291. What is the units digit of u?
9
Let j = 7 + -5. Suppose r - j = 3. Suppose 5*o + t - 100 = 0, -r*o - 2*t = 2*t - 115. What is the tens digit of o?
1
Suppose 2 = 4*s - 14. What is the tens digit of (s/3)/(8/300)?
5
Let c(y) = 2*y**3 - y**2 - y - 2. Let t be c(2). What is the tens digit of 6/10 + t/(-60)*-183?
2
What is the hundreds digit of 162/5*(19 + -7 - 2)?
3
Suppose -407 = -4*k - b, 3*k + 5*b - 87 = 197. Suppose 0 = 2*t - t - k. What is the tens digit of t?
0
What is the thousands digit of (-3)/(-81)*2 + (-10120712)/(-3213)?
3
Let y = -2226 + 3152. What is the units digit of y?
6
Suppose -18 = -3*c + 2*i, -c + 25 - 6 = -5*i. Suppose 4*j - 5*k - 23 = 0, -c*k - k - 15 = 0. Let m = j + -1. What is the units digit of m?
1
Suppose 15*d - 12*d = 0. Suppose 3*f = -d*f. Suppose -4*k - 2*p = -6, f = k + 3*p + 1 + 10. What is the units digit of k?
4
Suppose 5255 = 5*j + 4*r - 5613, -3*j - r + 6518 = 0. What is the tens digit of j?
7
Suppose -6*b - 34 - 38 = 0. What is the units digit of (-9)/b + (-968)/(-32)?
1
Let o = 48 + 90. What is the units digit of o?
8
Let n(y) = -y**3 - 11*y**2 - 4*y + 3. What is the tens digit of n(-11)?
4
Suppose 0 = -3*h + 5 + 1. Suppose -h*a - a = -30. Let u = -7 + a. What is the units digit of u?
3
Let w = 0 + -4. Let c(v) = -v**3 - 5*v**2 - 5*v + 3. Let u be c(w). Suppose -z + 9 = 3*x - 2, 4*x = 3*z - u. What is the units digit of x?
2
Suppose h = -4*s + 2, -4*s + 4 = 2*h + s. What is the units digit of (-1)/4 + h + 369/4?
4
Let o be (-3 + (-15)/(-6))*-14. Let w = 5 + o. Suppose i = 12 + w. What is the tens digit of i?
2
Suppose -5*q - 3*g + 4372 = 0, -43*g + 38*g + 3508 = 4*q. What is th